[INFO] cloning repository https://github.com/segfo/yarust
[INFO] running `Command { std: "git" "-c" "credential.helper=" "-c" "credential.helper=/workspace/cargo-home/bin/git-credential-null" "clone" "--bare" "https://github.com/segfo/yarust" "/workspace/cache/git-repos/https%3A%2F%2Fgithub.com%2Fsegfo%2Fyarust", kill_on_drop: false }`
[INFO] [stderr] Cloning into bare repository '/workspace/cache/git-repos/https%3A%2F%2Fgithub.com%2Fsegfo%2Fyarust'...
[INFO] running `Command { std: "git" "rev-parse" "HEAD", kill_on_drop: false }`
[INFO] [stdout] 106f62a7465c0715c5fd7bd593196d15d43201cd
[INFO] building segfo/yarust against master#ff34b919075f35a1787659e9c448a34b06bab8de for issue-85264
[INFO] running `Command { std: "git" "clone" "/workspace/cache/git-repos/https%3A%2F%2Fgithub.com%2Fsegfo%2Fyarust" "/workspace/builds/worker-4/source", kill_on_drop: false }`
[INFO] [stderr] Cloning into '/workspace/builds/worker-4/source'...
[INFO] [stderr] done.
[INFO] validating manifest of git repo https://github.com/segfo/yarust on toolchain ff34b919075f35a1787659e9c448a34b06bab8de
[INFO] running `Command { std: "/workspace/cargo-home/bin/cargo" "+ff34b919075f35a1787659e9c448a34b06bab8de" "metadata" "--manifest-path" "Cargo.toml" "--no-deps", kill_on_drop: false }`
[INFO] started tweaking git repo https://github.com/segfo/yarust
[INFO] finished tweaking git repo https://github.com/segfo/yarust
[INFO] tweaked toml for git repo https://github.com/segfo/yarust written to /workspace/builds/worker-4/source/Cargo.toml
[INFO] crate git repo https://github.com/segfo/yarust already has a lockfile, it will not be regenerated
[INFO] running `Command { std: "/workspace/cargo-home/bin/cargo" "+ff34b919075f35a1787659e9c448a34b06bab8de" "fetch" "--manifest-path" "Cargo.toml", kill_on_drop: false }`
[INFO] running `Command { std: "docker" "create" "-v" "/var/lib/crater-agent-workspace/builds/worker-4/target:/opt/rustwide/target:rw,Z" "-v" "/var/lib/crater-agent-workspace/builds/worker-4/source:/opt/rustwide/workdir:ro,Z" "-v" "/var/lib/crater-agent-workspace/cargo-home:/opt/rustwide/cargo-home:ro,Z" "-v" "/var/lib/crater-agent-workspace/rustup-home:/opt/rustwide/rustup-home:ro,Z" "-e" "SOURCE_DIR=/opt/rustwide/workdir" "-e" "CARGO_TARGET_DIR=/opt/rustwide/target" "-e" "CARGO_HOME=/opt/rustwide/cargo-home" "-e" "RUSTUP_HOME=/opt/rustwide/rustup-home" "-w" "/opt/rustwide/workdir" "-m" "1610612736" "--user" "0:0" "--network" "none" "ghcr.io/rust-lang/crates-build-env/linux@sha256:20528e8c29e4536546f0102ce88568b16ea7538393a33fcca951030f7af10457" "/opt/rustwide/cargo-home/bin/cargo" "+ff34b919075f35a1787659e9c448a34b06bab8de" "metadata" "--no-deps" "--format-version=1", kill_on_drop: false }`
[INFO] [stdout] d105a4521058ec8e6bb947ae8900c66dc08ff8e08248e33f8df15799f739645f
[INFO] [stderr] WARNING: Your kernel does not support swap limit capabilities or the cgroup is not mounted. Memory limited without swap.
[INFO] running `Command { std: "docker" "start" "-a" "d105a4521058ec8e6bb947ae8900c66dc08ff8e08248e33f8df15799f739645f", kill_on_drop: false }`
[INFO] running `Command { std: "docker" "inspect" "d105a4521058ec8e6bb947ae8900c66dc08ff8e08248e33f8df15799f739645f", kill_on_drop: false }`
[INFO] running `Command { std: "docker" "rm" "-f" "d105a4521058ec8e6bb947ae8900c66dc08ff8e08248e33f8df15799f739645f", kill_on_drop: false }`
[INFO] [stdout] d105a4521058ec8e6bb947ae8900c66dc08ff8e08248e33f8df15799f739645f
[INFO] running `Command { std: "docker" "create" "-v" "/var/lib/crater-agent-workspace/builds/worker-4/target:/opt/rustwide/target:rw,Z" "-v" "/var/lib/crater-agent-workspace/builds/worker-4/source:/opt/rustwide/workdir:ro,Z" "-v" "/var/lib/crater-agent-workspace/cargo-home:/opt/rustwide/cargo-home:ro,Z" "-v" "/var/lib/crater-agent-workspace/rustup-home:/opt/rustwide/rustup-home:ro,Z" "-e" "SOURCE_DIR=/opt/rustwide/workdir" "-e" "CARGO_TARGET_DIR=/opt/rustwide/target" "-e" "CARGO_INCREMENTAL=0" "-e" "RUST_BACKTRACE=full" "-e" "RUSTFLAGS=--cap-lints=forbid" "-e" "CARGO_HOME=/opt/rustwide/cargo-home" "-e" "RUSTUP_HOME=/opt/rustwide/rustup-home" "-w" "/opt/rustwide/workdir" "-m" "1610612736" "--user" "0:0" "--network" "none" "ghcr.io/rust-lang/crates-build-env/linux@sha256:20528e8c29e4536546f0102ce88568b16ea7538393a33fcca951030f7af10457" "/opt/rustwide/cargo-home/bin/cargo" "+ff34b919075f35a1787659e9c448a34b06bab8de" "build" "--frozen" "--message-format=json", kill_on_drop: false }`
[INFO] [stderr] WARNING: Your kernel does not support swap limit capabilities or the cgroup is not mounted. Memory limited without swap.
[INFO] [stdout] 159a6a8d554630d1da32af23278942b3e3a9a5d1d141a1a5069817388e0b1cc2
[INFO] running `Command { std: "docker" "start" "-a" "159a6a8d554630d1da32af23278942b3e3a9a5d1d141a1a5069817388e0b1cc2", kill_on_drop: false }`
[INFO] [stderr]    Compiling libc v0.2.37
[INFO] [stderr]    Compiling winapi v0.3.4
[INFO] [stderr]    Compiling yarust v2.3.0 (/opt/rustwide/workdir)
[INFO] [stderr]    Compiling textwrap v0.9.0
[INFO] [stderr]    Compiling atty v0.2.10
[INFO] [stderr]    Compiling num_cpus v1.8.0
[INFO] [stderr]    Compiling wincolor v0.1.6
[INFO] [stderr]    Compiling clap v2.31.2
[INFO] [stdout] error[E0432]: unresolved imports `self::wincolor::Console`, `self::wincolor::Color`, `self::wincolor::Intense`
[INFO] [stdout]  --> src/console.rs:3:22
[INFO] [stdout]   |
[INFO] [stdout] 3 | use self::wincolor::{Console, Color, Intense};
[INFO] [stdout]   |                      ^^^^^^^  ^^^^^  ^^^^^^^ no `Intense` in the root
[INFO] [stdout]   |                      |        |
[INFO] [stdout]   |                      |        no `Color` in the root
[INFO] [stdout]   |                      no `Console` in the root
[INFO] [stdout] 
[INFO] [stdout] 
[INFO] [stdout] warning: trait objects without an explicit `dyn` are deprecated
[INFO] [stdout]   --> src/yara.rs:42:27
[INFO] [stdout]    |
[INFO] [stdout] 42 |     pub out:Arc<Mutex<Box<Write+Send>>>
[INFO] [stdout]    |                           ^^^^^^^^^^ help: use `dyn`: `dyn Write+Send`
[INFO] [stdout]    |
[INFO] [stdout]    = note: `#[warn(bare_trait_objects)]` on by default
[INFO] [stdout]    = warning: this was previously accepted by the compiler but is being phased out; it will become a hard error in the 2021 edition!
[INFO] [stdout]    = note: for more information, see issue #80165 <https://github.com/rust-lang/rust/issues/80165>
[INFO] [stdout] 
[INFO] [stdout] 
[INFO] [stdout] warning: trait objects without an explicit `dyn` are deprecated
[INFO] [stdout]   --> src/yara.rs:76:60
[INFO] [stdout]    |
[INFO] [stdout] 76 |     pub fn get_scanner_instance(&self,writer:Arc<Mutex<Box<Write+Send>>>)->Box<YARA_SCANNER>{
[INFO] [stdout]    |                                                            ^^^^^^^^^^ help: use `dyn`: `dyn Write+Send`
[INFO] [stdout]    |
[INFO] [stdout]    = warning: this was previously accepted by the compiler but is being phased out; it will become a hard error in the 2021 edition!
[INFO] [stdout]    = note: for more information, see issue #80165 <https://github.com/rust-lang/rust/issues/80165>
[INFO] [stdout] 
[INFO] [stdout] 
[INFO] [stdout] warning: trait objects without an explicit `dyn` are deprecated
[INFO] [stdout]   --> src/yara.rs:85:33
[INFO] [stdout]    |
[INFO] [stdout] 85 |     fn new(writer:Arc<Mutex<Box<Write+Send>>>)->Box<Self>{
[INFO] [stdout]    |                                 ^^^^^^^^^^ help: use `dyn`: `dyn Write+Send`
[INFO] [stdout]    |
[INFO] [stdout]    = warning: this was previously accepted by the compiler but is being phased out; it will become a hard error in the 2021 edition!
[INFO] [stdout]    = note: for more information, see issue #80165 <https://github.com/rust-lang/rust/issues/80165>
[INFO] [stdout] 
[INFO] [stdout] 
[INFO] [stdout] warning: trait objects without an explicit `dyn` are deprecated
[INFO] [stdout]    --> src/yara.rs:123:58
[INFO] [stdout]     |
[INFO] [stdout] 123 |     pub fn load_rule(&mut self,path:&str)->Result<(),Box<Error>>{
[INFO] [stdout]     |                                                          ^^^^^ help: use `dyn`: `dyn Error`
[INFO] [stdout]     |
[INFO] [stdout]     = warning: this was previously accepted by the compiler but is being phased out; it will become a hard error in the 2021 edition!
[INFO] [stdout]     = note: for more information, see issue #80165 <https://github.com/rust-lang/rust/issues/80165>
[INFO] [stdout] 
[INFO] [stdout] 
[INFO] [stdout] warning: unused import: `std::io::Write`
[INFO] [stdout]  --> src/console.rs:2:5
[INFO] [stdout]   |
[INFO] [stdout] 2 | use std::io::Write;
[INFO] [stdout]   |     ^^^^^^^^^^^^^^
[INFO] [stdout]   |
[INFO] [stdout]   = note: `#[warn(unused_imports)]` on by default
[INFO] [stdout] 
[INFO] [stdout] 
[INFO] [stdout] warning: unused import: `std::error::Error`
[INFO] [stdout]  --> src/console.rs:4:5
[INFO] [stdout]   |
[INFO] [stdout] 4 | use std::error::Error;
[INFO] [stdout]   |     ^^^^^^^^^^^^^^^^^
[INFO] [stdout] 
[INFO] [stdout] 
[INFO] [stdout] warning: unused import: `std::sync::MutexGuard`
[INFO] [stdout]  --> src/console.rs:5:5
[INFO] [stdout]   |
[INFO] [stdout] 5 | use std::sync::MutexGuard;
[INFO] [stdout]   |     ^^^^^^^^^^^^^^^^^^^^^
[INFO] [stdout] 
[INFO] [stdout] 
[INFO] [stdout] warning: trait objects without an explicit `dyn` are deprecated
[INFO] [stdout]   --> src/main.rs:26:40
[INFO] [stdout]    |
[INFO] [stdout] 26 |     let scan_result_file:Arc<Mutex<Box<Write+Send>>>;
[INFO] [stdout]    |                                        ^^^^^^^^^^ help: use `dyn`: `dyn Write+Send`
[INFO] [stdout]    |
[INFO] [stdout]    = warning: this was previously accepted by the compiler but is being phased out; it will become a hard error in the 2021 edition!
[INFO] [stdout]    = note: for more information, see issue #80165 <https://github.com/rust-lang/rust/issues/80165>
[INFO] [stdout] 
[INFO] [stdout] 
[INFO] [stdout] warning: unnecessary parentheses around type
[INFO] [stdout]    --> src/main.rs:210:36
[INFO] [stdout]     |
[INFO] [stdout] 210 | fn print_buffer(buf:&[u8],out:&mut (std::sync::MutexGuard<Box<std::io::Write+Send>>)){
[INFO] [stdout]     |                                    ^^^^^^^^^^^^^^^^^^^^^^^^^^^^^^^^^^^^^^^^^^^^^^^^^ help: remove these parentheses
[INFO] [stdout]     |
[INFO] [stdout]     = note: `#[warn(unused_parens)]` on by default
[INFO] [stdout] 
[INFO] [stdout] 
[INFO] [stdout] warning: trait objects without an explicit `dyn` are deprecated
[INFO] [stdout]    --> src/main.rs:210:63
[INFO] [stdout]     |
[INFO] [stdout] 210 | fn print_buffer(buf:&[u8],out:&mut (std::sync::MutexGuard<Box<std::io::Write+Send>>)){
[INFO] [stdout]     |                                                               ^^^^^^^^^^^^^^^^^^^ help: use `dyn`: `dyn std::io::Write+Send`
[INFO] [stdout]     |
[INFO] [stdout]     = warning: this was previously accepted by the compiler but is being phased out; it will become a hard error in the 2021 edition!
[INFO] [stdout]     = note: for more information, see issue #80165 <https://github.com/rust-lang/rust/issues/80165>
[INFO] [stdout] 
[INFO] [stdout] 
[INFO] [stdout] error[E0599]: no method named `is_ok` found for struct `console::ConsoleColor` in the current scope
[INFO] [stdout]    --> src/main.rs:196:12
[INFO] [stdout]     |
[INFO] [stdout] 196 |     if con.is_ok()&&user_data.coloring{
[INFO] [stdout]     |            ^^^^^ method not found in `console::ConsoleColor`
[INFO] [stdout]     | 
[INFO] [stdout]    ::: src/console.rs:32:1
[INFO] [stdout]     |
[INFO] [stdout] 32  | pub struct ConsoleColor{
[INFO] [stdout]     | ----------------------- method `is_ok` not found for this
[INFO] [stdout] 
[INFO] [stdout] 
[INFO] [stdout] error[E0599]: no method named `unwrap` found for struct `console::ConsoleColor` in the current scope
[INFO] [stdout]    --> src/main.rs:197:27
[INFO] [stdout]     |
[INFO] [stdout] 197 |         let mut con = con.unwrap();
[INFO] [stdout]     |                           ^^^^^^ method not found in `console::ConsoleColor`
[INFO] [stdout]     | 
[INFO] [stdout]    ::: src/console.rs:32:1
[INFO] [stdout]     |
[INFO] [stdout] 32  | pub struct ConsoleColor{
[INFO] [stdout]     | ----------------------- method `unwrap` not found for this
[INFO] [stdout] 
[INFO] [stdout] 
[INFO] [stdout] error: aborting due to 3 previous errors; 10 warnings emitted
[INFO] [stdout] 
[INFO] [stdout] 
[INFO] [stdout] Some errors have detailed explanations: E0432, E0599.
[INFO] [stdout] 
[INFO] [stdout] For more information about an error, try `rustc --explain E0432`.
[INFO] [stdout] 
[INFO] [stderr] error: could not compile `yarust`
[INFO] [stderr] 
[INFO] [stderr] To learn more, run the command again with --verbose.
[INFO] running `Command { std: "docker" "inspect" "159a6a8d554630d1da32af23278942b3e3a9a5d1d141a1a5069817388e0b1cc2", kill_on_drop: false }`
[INFO] running `Command { std: "docker" "rm" "-f" "159a6a8d554630d1da32af23278942b3e3a9a5d1d141a1a5069817388e0b1cc2", kill_on_drop: false }`
[INFO] [stdout] 159a6a8d554630d1da32af23278942b3e3a9a5d1d141a1a5069817388e0b1cc2
